*g. What are the prime factors of w?
5, 19
Let r = 24941 + -13587. What are the prime factors of r?
2, 7, 811
Let c be 19/(-3)*-4*30/40. Let p be 2 + 1/(-1) + -1. Let b = c - p. What are the prime factors of b?
19
Suppose -104*h + 166107 = -53*h. What are the prime factors of h?
3257
Suppose -15 = -2*v + 5*v. Let t(w) = -3*w**2 - 7*w - 6. Let s be t(v). Let o = -34 - s. List the prime factors of o.
2, 3
Let o = -59 - -86. Suppose 3*a - d - 11 = 0, 2*d - 7*d = -a + o. List the prime factors of 17 + a/(2 - 0).
2, 3
Let a(l) be the first derivative of -l**3/3 + 7*l**2/2 - 11*l + 21. Let u be a(5). Let d = 146 + u. What are the prime factors of d?
5, 29
Let z(k) = -210*k**3 + 27*k + 3. Let o(s) = 105*s**3 - 13*s - 2. Let h(a) = -13*o(a) - 6*z(a). What are the prime factors of h(-1)?
2, 53
Let z(g) = -4*g**2 + 6*g + 4. Let r be z(2). Suppose r = -41*b + 35*b + 2454. What are the prime factors of b?
409
Suppose 0 = -58*v + 63*v - 8645. Suppose -5*a = -2*b - 2900, -3*a - 23*b + v = -22*b. List the prime factors of a.
2, 17
Suppose 13*x + 47 = -382. Let t(i) = -9*i - 163. List the prime factors of t(x).
2, 67
Let s = 53 + -137. Let n = -42 - s. List the prime factors of n.
2, 3, 7
Suppose -4*u = -22*p + 17*p - 120, -3*p = 4*u - 152. Let s(l) = 39*l**2 - 3*l - 2. Let m be s(-1). Suppose -u*f - 745 = -m*f. What are the prime factors of f?
149
Let j = -31754 - -64154. What are the prime factors of j?
2, 3, 5
Let b(q) = -102*q**3 + 14*q**2 - 56*q - 326. What are the prime factors of b(-8)?
2, 7, 3803
Suppose -5*l - 4 = 16. Suppose 170 - 220 = 5*f. List the prime factors of f*(l + 44/20).
2, 3
Let n(r) = -r**2 + r. Let d be n(3). Let f(w) be the first derivative of w**3 + 5*w**2 + 19*w - 40. List the prime factors of f(d).
67
Suppose -10*y + 58 = 8. Let h be 2/y - 157/5. Let p = h + 106. What are the prime factors of p?
3, 5
Let o = 84 + -139. What are the prime factors of 1/(-6) - o/(-6)*-31?
2, 71
Suppose 98089 = 4*g + 331*a - 336*a, 0 = g + 5*a - 24491. What are the prime factors of g?
2, 3, 227
Let f(r) = -122*r + 837. List the prime factors of f(-89).
5, 2339
List the prime factors of ((-3530)/4)/(455/(-17654)).
97, 353
Let x(s) = 2768*s - 6915. List the prime factors of x(13).
41, 709
Suppose 2*r - 10 = -m, 6 = 3*r - 5*m + 4. Suppose 0 = r*g + 42 + 94. Let c = 65 + g. List the prime factors of c.
31
Let i = 53 - 47. Let y(x) = 35*x - 1. List the prime factors of y(i).
11, 19
Let b be ((-6)/(-3) + 0)*109. Let a = -131 + b. Let i = -20 + a. What are the prime factors of i?
67
List the prime factors of (491 - 0/4) + 12.
503
Suppose -5*d + 3590 = t, -2*t + 5119 = -d - 2083. Suppose -10*u + 18*u - t = 0. List the prime factors of u.
2, 3, 5
Let n(m) = 1344*m - 13174. What are the prime factors of n(17)?
2, 7, 691
Suppose 3*a - 12*a = 3573. List the prime factors of (2 - a/(-2))*(-224)/84.
2, 131
What are the prime factors of 3/(-4)*(-1653248)/192?
2, 3229
Let q = 113 + -505. Let o = -110 - q. What are the prime factors of o?
2, 3, 47
Suppose 3073 = 2*s - 5*w, -4*w + 4522 = 3*s + 6*w. List the prime factors of s.
2, 3, 127
Suppose u - p = 24712, -3*u + 50944 = 4*p - 23157. List the prime factors of u.
31, 797
Suppose 224*k + 3*n - 12066 = 222*k, -3*n - 12030 = -2*k. List the prime factors of k.
2, 3, 251
Let i(g) = 1 - 27*g - 5*g**3 + g**3 - 6 + 11*g**3 + 18*g**2. Let u(f) = 3*f**3 + 9*f**2 - 13*f - 3. Let y(w) = 4*i(w) - 9*u(w). List the prime factors of y(9).
2, 11
Let g = 18465 + 2920. What are the prime factors of g?
5, 7, 13, 47
Suppose 9*i - 175 = -49. Suppose i*m = 1037 + 1833. What are the prime factors of m?
5, 41
Let k(t) = 348*t + 2159. List the prime factors of k(6).
31, 137
Let a(n) = 11*n**2 + 113*n - 237. List the prime factors of a(-44).
16087
Let p be (2 - 2)*1 - 36. Let y be (-4*(-3)/36)/((-3)/p). Suppose y*s - 357 = 5*h + 239, -s = 5*h - 149. List the prime factors of s.
149
Let b(i) = 4*i**2 - 2. Let h be b(4). Let j = h + -59. Suppose -274 = -j*p - 40. What are the prime factors of p?
2, 3, 13
Suppose -v + 47*v - 36091 = 5217. List the prime factors of v.
2, 449
Suppose -6*k + 22 = -38. Let c be 30/(-25)*k/(-3). Suppose -c*y = -5*s + 812, -474 = 3*s - 6*s - 2*y. List the prime factors of s.
2, 5
Let z = 6270 + 5212. What are the prime factors of z?
2, 5741
Suppose -23*p - 4*o + 1721 = -22*p, -1756 = -p + 3*o. What are the prime factors of p?
1741
Suppose 0 = -4*r + 4*t + 64, -17 + 18 = -t. Suppose 0 = 5*u - r, -2*v + 16*u - 20*u = -1218. What are the prime factors of v?
3, 67
Suppose -4*k = -o - 13538 - 81958, -2*o = 0. What are the prime factors of k?
2, 3, 23, 173
Let z be (-2 - -3)*2*(2 + -1). Suppose -2*b + 2*y - 128 = 0, -2*b - 220 = z*b + 5*y. Let j = 30 - b. What are the prime factors of j?
2, 3, 5
Suppose -32*g + 330 = g. What are the prime factors of 1694/g - -4 - 6/(-10)?
2, 3, 29
Suppose -29*r = -85*r + 1060024. List the prime factors of r.
23, 823
Let d = 26419 + -12880. List the prime factors of d.
3, 4513
Let p = 156344 + -71337. What are the prime factors of p?
13, 503
Let o(s) be the first derivative of 7*s**5/60 - 11*s**4/24 + 7*s**3/3 + 16. Let t(n) be the third derivative of o(n). What are the prime factors of t(6)?
73
Let a(p) = 3*p - 52. Let h be a(18). Suppose -522 = -3*o - 9*d + 4*d, -4*d - 370 = -h*o. List the prime factors of o.
179
Let z = 60578 - 30107. List the prime factors of z.
3, 7, 1451
Let b(r) = 40*r - 205. Let s be b(9). Let o = 160 - s. What are the prime factors of o?
5
Let h(x) = -x - 52*x**3 + 754 + 0*x + 112*x**3 - x**2 - 61*x**3. What are the prime factors of h(0)?
2, 13, 29
Suppose 0 = -3*r - 5*o + 55, -5*r - 5*o + 102 = 27. Suppose 7 = 3*v + r. What are the prime factors of -2 + v/(10/(-64))*40?
2, 127
Suppose o + 577 = 2*v - 4*v, 5*o - 305 = v. Let q = -46 - v. What are the prime factors of q?
2, 61
Let v(k) = 28*k**2 - 15*k - 12. Let f(l) = 14*l**2 - 8*l - 6. Let h(p) = 5*p - 2. Let t be h(1). Let z(c) = t*v(c) - 5*f(c). List the prime factors of z(-3).
3, 5
List the prime factors of 25*3466/40 + (-3)/(-4) + -1.
2, 3, 19
What are the prime factors of 2677/((-19)/(-17) - (-10)/(-85))?
2677
What are the prime factors of (-8 + 6)/(12/40614)*-1?
7, 967
Let g(r) = r**3 + 8*r**2 + 9*r + 13. Let v be g(-7). What are the prime factors of 1/v - (-332 - (-30)/5)?
5, 13
Let s be 28/(-7) + (2 - (-3 + 0)). What are the prime factors of ((-522)/(-12))/(3/36*s)?
2, 3, 29
Let m be 2 + (-30)/6 + 233. Let o = -195 - -60. Let y = o + m. List the prime factors of y.
5, 19
Let g = -16867 - -24020. What are the prime factors of g?
23, 311
Suppose -4*c = -2*b + 6 + 4, 3*c = -3*b + 15. Suppose p + b = 1, 4*q - 5*p = 1452. List the prime factors of q.
2, 179
Let b = 21 + -12. Suppose b = 2*h + 15. What are the prime factors of h*(34/(-6) - 0)?
17
Let w = 34 + -33. List the prime factors of ((-3834)/90)/(w/(-5)).
3, 71
Suppose 8*k + 10622 = 2078. List the prime factors of (k/(-10))/((-8)/(-40)).
2, 3, 89
Let p = -656 + 518. Let k = p - -503. List the prime factors of k.
5, 73
Let p(w) = 4*w**3 - 18*w**2 - 167*w - 19. What are the prime factors of p(14)?
3, 1697
Suppose -37 = q - 5*q - u, 5*u - 9 = 2*q. Suppose -q = -3*a + 7*a. What are the prime factors of 2 + (-4 - -4)/a?
2
Suppose -14*g + 408657 = -6583. List the prime factors of g.
2, 5, 1483
Let i(g) = 6*g + 2 + 7*g - 2*g - 17*g + 3*g**2 + 5*g. Let s be (-1)/2 - (-72)/(-16). What are the prime factors of i(s)?
2, 41
Suppose -5 + 28 = 23*c. Let v(j) = 569*j + 5. List the prime factors of v(c).
2, 7, 41
Suppose 16*p - 28164 = 4*p. Suppose 1412 = 7*s - p. What are the prime factors of s?
3, 179
Suppose 6*w - 22 = -4. Let h(y) = 19*y**3 + 6*y**2 - 8*y + 25. What are the prime factors of h(w)?
2, 71
Suppose -b - z - 662 + 197 = 0, 0 = 2*b + 5*z + 945. Let u = -194 - b. What are the prime factors of u?
2, 7, 19
Suppose -3*k = -2*f - 763, -3*k - k + 1014 = -f. Let a = k - -278. List the prime factors of a.
3, 59
Let i = 55003 + -37701. List the prime factors of i.
2, 41, 211
Let w be (-6)/(-8) - (-49323)/(-164). Let g = w - -965. List the prime factors of g.
5, 7, 19
Let y be ((-21)/28)/(1 + (-27)/28). What are the prime factors of (828/y)/((-1)/7)?
2, 3, 23
Let n be 14/(-4)*60/(-210). Let v(f) = 4*f**2 - 3*f + 3. Let l be v(n). Suppose -z - 3*q = -119, 0*q - l*q 